 units digit of 19687?
7
What is the tens digit of 287?
8
What is the ten thousands digit of 30484?
3
What is the tens digit of 3106?
0
What is the hundreds digit of 44475?
4
What is the thousands digit of 99294?
9
What is the units digit of 29580?
0
What is the thousands digit of 7262?
7
What is the hundreds digit of 16319?
3
What is the hundreds digit of 885?
8
What is the units digit of 35?
5
What is the hundreds digit of 1530?
5
What is the tens digit of 3494?
9
What is the thousands digit of 2285?
2
What is the thousands digit of 1316?
1
What is the thousands digit of 6993?
6
What is the thousands digit of 14261?
4
What is the ten thousands digit of 105315?
0
What is the tens digit of 2760?
6
What is the thousands digit of 4709?
4
What is the ten thousands digit of 31915?
3
What is the tens digit of 445?
4
What is the units digit of 21489?
9
What is the thousands digit of 6473?
6
What is the ten thousands digit of 23957?
2
What is the tens digit of 7264?
6
What is the tens digit of 37742?
4
What is the ten thousands digit of 10572?
1
What is the units digit of 699?
9
What is the hundreds digit of 182?
1
What is the units digit of 9301?
1
What is the ten thousands digit of 58386?
5
What is the thousands digit of 12654?
2
What is the units digit of 2045?
5
What is the hundreds digit of 1581?
5
What is the thousands digit of 1929?
1
What is the hundreds digit of 4031?
0
What is the hundreds digit of 100519?
5
What is the units digit of 480?
0
What is the units digit of 780?
0
What is the thousands digit of 121294?
1
What is the hundreds digit of 5831?
8
What is the tens digit of 4835?
3
What is the hundreds digit of 127?
1
What is the units digit of 308?
8
What is the thousands digit of 25678?
5
What is the hundreds digit of 3202?
2
What is the ten thousands digit of 109790?
0
What is the tens digit of 1763?
6
What is the units digit of 12047?
7
What is the units digit of 9760?
0
What is the tens digit of 5548?
4
What is the units digit of 6606?
6
What is the units digit of 20106?
6
What is the units digit of 95030?
0
What is the hundreds digit of 1772?
7
What is the thousands digit of 1914?
1
What is the thousands digit of 4801?
4
What is the hundreds digit of 1471?
4
What is the tens digit of 414?
1
What is the ten thousands digit of 57416?
5
What is the tens digit of 31549?
4
What is the units digit of 91?
1
What is the ten thousands digit of 12923?
1
What is the tens digit of 3195?
9
What is the thousands digit of 161504?
1
What is the units digit of 9583?
3
What is the units digit of 416?
6
What is the tens digit of 537?
3
What is the hundreds digit of 860?
8
What is the units digit of 1091?
1
What is the tens digit of 17692?
9
What is the thousands digit of 13630?
3
What is the thousands digit of 32051?
2
What is the units digit of 3023?
3
What is the units digit of 3280?
0
What is the tens digit of 4960?
6
What is the units digit of 639?
9
What is the hundreds digit of 2190?
1
What is the ten thousands digit of 113789?
1
What is the tens digit of 1290?
9
What is the units digit of 77?
7
What is the tens digit of 5257?
5
What is the thousands digit of 9961?
9
What is the tens digit of 38910?
1
What is the thousands digit of 1411?
1
What is the hundreds digit of 83722?
7
What is the hundreds digit of 168721?
7
What is the units digit of 787?
7
What is the thousands digit of 15380?
5
What is the hundreds digit of 1525?
5
What is the hundreds digit of 1306?
3
What is the thousands digit of 1488?
1
What is the hundreds digit of 8563?
5
What is the units digit of 856?
6
What is the tens digit of 49039?
3
What is the hundreds digit of 22629?
6
What is the thousands digit of 14957?
4
What is the thousands digit of 31495?
1
What is the thousands digit of 3865?
3
What is the units digit of 7736?
6
What is the tens digit of 6909?
0
What is the ten thousands digit of 44055?
4
What is the tens digit of 1616?
1
What is the units digit of 1931?
1
What is the hundreds digit of 1049?
0
What is the tens digit of 1225?
2
What is the units digit of 798?
8
What is the tens digit of 68?
6
What is the hundreds digit of 9280?
2
What is the ten thousands digit of 11760?
1
What is the hundreds digit of 349?
3
What is the units digit of 358?
8
What is the hundreds digit of 6234?
2
What is the units digit of 28893?
3
What is the thousands digit of 5396?
5
What is the tens digit of 14763?
6
What is the hundreds digit of 3919?
9
What is the thousands digit of 1087?
1
What is the units digit of 4835?
5
What is the units digit of 382?
2
What is the thousands digit of 4505?
4
What is the hundreds digit of 1580?
5
What is the hundreds digit of 1862?
8
What is the units digit of 6479?
9
What is the thousands digit of 10997?
0
What is the thousands digit of 4783?
4
What is the thousands digit of 11746?
1
What is the units digit of 14545?
5
What is the hundreds digit of 7277?
2
What is the units digit of 4856?
6
What is the thousands digit of 2724?
2
What is the thousands digit of 37838?
7
What is the units digit of 31895?
5
What is the hundreds digit of 71854?
8
What is the tens digit of 99524?
2
What is the tens digit of 879?
7
What is the thousands digit of 3620?
3
What is the ten thousands digit of 12089?
1
What is the thousands digit of 12751?
2
What is the thousands digit of 21238?
1
What is the units digit of 4611?
1
What is the hundreds digit of 735?
7
What is the hundreds digit of 5037?
0
What is the hundreds digit of 17081?
0
What is the units digit of 52847?
7
What is the hundreds digit of 272?
2
What is the thousands digit of 192472?
2
What is the hundreds digit of 996?
9
What is the tens digit of 8588?
8
What is the hundreds digit of 119367?
3
What is the hundreds digit of 1742?
7
What is the thousands digit of 10375?
0
What is the units digit of 11281?
1
What is the hundreds digit of 12478?
4
What is the units digit of 6320?
0
What is the tens digit of 1551?
5
What is the units digit of 621?
1
What is the units digit of 8056?
6
What is the tens digit of 28496?
9
What is the units digit of 8054?
4
What is the ten thousands digit of 39560?
3
What is the hundreds digit of 6509?
5
What is the units digit of 28777?
7
What is the tens digit of 1967?
6
What is the units digit of 18549?
9
What is the hundreds digit of 395?
3
What is the ten thousands digit of 35343?
3
What is the thousands digit of 3158?
3
What is the thousands digit of 1664?
1
What is the hundreds digit of 38076?
0
What is the tens digit of 120336?
3
What is the ten thousands digit of 22567?
2
What is the thousands digit of 1172?
1
What is the thousands digit of 1232?
1
What is the units digit of 141?
1
What is the units digit of 8811?
1
What is the units digit of 37859?
9
What is the units digit of 7254?
4
What is the units digit of 64015?
5
What is the hundreds digit of 710?
7
What is the units digit of 3791?
1
What is the units digit of 752?
2
What is the ten thousands digit of 39505?
3
What is the units digit of 5019?
9
What is the hundreds digit of 7466?
4
What is the units digit of 26400?
0
What is the hundreds digit of 4324?
3
What is the units digit of 4752?
2
What is the hundreds digit of 3124?
1
What is the thousands digit of 5848?
5
What is the units digit of 10780?
0
What is the units digit of 33584?
4
What is the units digit of 1686?
6
What is the thousands digit of 4429?
4
What is the tens digit of 1692?
9
What is the units digit of 37036?
6
What is the tens digit of 78775?
7
What is the units digit of 1412?
2
What is the thousands digit of 2325?
2
What is the units digit of 18862?
2
What is the units digit of 2671?
1
What is the tens digit of 609?
0
What is the tens digit of 332?
3
What is the hundreds digit of 3245?
2
What is the units digit of 90059?
9
What is the tens digit of 13960?
6
What is the units digit of 2461?
1
What is the hundreds digit of 4988?
9
What is the units digit of 7553?
3
What is the tens digit of 2469?
6
What is the units digit of 439?
9
What is the units digit of 649?
9
What is the hundreds digit of 576?
5
What is the hundreds digit of 26881?
8
What is the tens digit of 730?
3
What is the tens digit of 2620?
2
What is the units digit of 5497?
7
What is the hundreds digit of 9399?
3
What is the hundreds digit of 60684?
6
What is the hundreds digit of 981